 - s. What is the remainder when (-8)/(-2) + -4*100/(-16) is divided by s?
7
Suppose 2*k + 3*l = 9, 3*k + l - 7 = 10. Suppose k*n - 58 = 4*n. Calculate the remainder when 115 is divided by n.
28
Let f be -2*1/2*-4. Suppose -14 = -4*a + 3*a + 3*x, -f*x - 13 = -a. Let h = 15 - -34. What is the remainder when h is divided by a?
15
Let p be -2 + 4 + (-6)/(-3). Suppose -p*v + 5 = -67. Let m = v - -29. Calculate the remainder when m is divided by 24.
23
Suppose 4*x = i + 4*i - 25, -i + 5 = 5*x. Suppose 0 = w + k - i, 4*k - k = -2*w + 10. What is the remainder when 18 is divided by w?
3
Suppose -6*j + 123 = -3*j. What is the remainder when j is divided by 14?
13
Let v = -10 + 15. Suppose -v*b = -b - 4. What is the remainder when 36 is divided by b + (-3 - 0) + 15?
10
Suppose -w = -5*w. Suppose 4*d - 5 - 3 = w. Suppose 2*z - 15 = d*n + n, -4*z = n - 51. What is the remainder when z is divided by 5?
2
What is the remainder when 3*1 + -6 + 46 + -6 is divided by 13?
11
Suppose -i = -5*s - 90, -s + 4*s = -i + 58. What is the remainder when i is divided by 18?
16
Let d be 3/(-2) - 1/(-2). Let l = d + 3. Let n(z) = -z**3 - 3*z**2 - z - 1. What is the remainder when l is divided by n(-3)?
0
Suppose -2*q + 14 = -14. Calculate the remainder when 25 is divided by q.
11
Suppose 0 - 32 = -2*t. Suppose 4*n - 170 = -58. What is the remainder when n is divided by t?
12
Suppose -5*o = -9 - 1, -4*n - 5*o + 158 = 0. Calculate the remainder when n is divided by 19.
18
Suppose -5*s + 34 = -11. Calculate the remainder when 15 is divided by s.
6
Let f = 99 - 96. What is the remainder when f is divided by 3?
0
Suppose 15*k = 10*k + 65. What is the remainder when 49 is divided by k?
10
Let d = 51 + -11. Suppose 2*h = -9 + 17. Suppose h*f - 42 = 2*f. What is the remainder when d is divided by f?
19
Suppose 0 = 2*h - 0*h - 50. Suppose -4*f + 33 - 1 = -4*w, -h = -5*f + 2*w. Calculate the remainder when 34/9 + 2/9 is divided by f.
1
Suppose 3*d + 219 = 4*d. Suppose -p + d = 2*p. Calculate the remainder when p is divided by 19.
16
Suppose 4*l = -34 + 106. Calculate the remainder when 53 is divided by l.
17
Suppose -a + 4 = 2. Let l = a + 15. What is the remainder when l is divided by 10?
7
Suppose -2*l + 46 = -l - 3*g, 3*g = -12. Let j = l - 19. What is the remainder when 44 is divided by j?
14
Suppose -2*p - 17 + 11 = 0. What is the remainder when 35 is divided by (-10)/p*(-72)/(-20)?
11
Let g be 8/36 - 76/18. Let l = g - -4. Suppose -d + 20 = -0*d + 5*i, l = -5*d + 5*i + 250. Calculate the remainder when d is divided by 12.
9
Suppose 4*r + 3*m - 54 - 3 = 0, 4*m + 20 = 0. Let k(y) = -y**3 - 4*y**2 - 2*y - 1. What is the remainder when r is divided by k(-4)?
4
Suppose 4*v - 11 = 4*i + 17, 0 = -3*v - 4*i. Suppose x + 273 = v*x. Calculate the remainder when x is divided by 23.
22
Let k = -3 - 8. Let m = 27 + k. What is the remainder when m is divided by 9?
7
Let b(w) be the third derivative of w**4/8 + 2*w**3/3 - 2*w**2. What is the remainder when b(7) is divided by 7?
4
Let a(d) = -d**3 - 9*d**2 + 6*d + 7. Suppose -2*b - 4 + 6 = 0. Let y = 17 - b. Calculate the remainder when a(-10) is divided by y.
15
Suppose -2*d + i - 8 = 0, 2*d + 3*i + 13 = 5. Let a = -3 - d. What is the remainder when a is divided by 1?
0
Let u(m) = m + 1. Let x be u(2). Suppose p = x*c - 37, 21 = c - 0*p + 4*p. What is the remainder when 50 is divided by c?
11
Suppose -4*l - o + 55 = 0, 4*o + o = -4*l + 67. Calculate the remainder when 24 is divided by l.
11
Let f = 58 + -20. Calculate the remainder when f is divided by 5*6/6 + 5.
8
Suppose 1 + 5 = 2*g. Let m be ((-2)/(-3))/((-5)/30). Calculate the remainder when (-2 - m)*1 - -5 is divided by g.
1
Let h(w) = 2*w**2 + 7*w + 4. Let l be h(-4). Let q = 22 - l. Let s(i) = -4*i**3 - i. Calculate the remainder when q is divided by s(-1).
4
Let f be 0/(8 + -2 + -3). Suppose f = 5*n + 4*s - 41, -3*n + 22 = 3*s - 2. What is the remainder when 43 is divided by n?
7
Suppose -38 = -o + 4*s, -o - 96 = -5*o + 2*s. Suppose 4*d - 84 = 2*d. Calculate the remainder when d is divided by o.
20
Suppose 0 = -5*f - 0*f - 900. Let c(h) = -8*h**2 + 2*h + 4. Let u be c(4). Let p = u - f. Calculate the remainder when p is divided by 22.
20
Let s(m) = 11 + m - 7 - 3*m - 6. Calculate the remainder when 13 is divided by s(-5).
5
Suppose 2*j = 6*j + 16, n - 32 = 3*j. What is the remainder when n is divided by 9?
2
Let h(c) = c**2 + 3*c + 9. What is the remainder when 75 is divided by h(-5)?
18
Let v = 45 - 14. Calculate the remainder when 122 is divided by v.
29
Suppose 3*b + 2*k - 6*k = 29, -1 = -b - 3*k. Let c = 6 + b. What is the remainder when (-71)/(-3) - (-2)/6 is divided by c?
11
Suppose 109 = 2*l + 5*w, -3*w = 4*l - 0*l - 183. Suppose -3*f = -2 - 28. Suppose -5*b + f*b = 110. What is the remainder when l is divided by b?
20
Let x(d) = d**3 - 8*d**2 + 9*d - 3. Let j = 7 + 0. What is the remainder when 21 is divided by x(j)?
10
Let z be (-55)/(-2) + 3/(-6). Suppose -z = b - 4*b. Calculate the remainder when b is divided by -2*(14/(-4) + 1).
4
Suppose 3*a = -2*r + 111, 25 = 3*r + 2*a - 129. What is the remainder when 93 is divided by r?
45
Let c = -67 + 98. Let o = -174 + 185. Calculate the remainder when c is divided by o.
9
Let q = -197 + 141. What is the remainder when 53 is divided by ((-27)/(-18))/((-6)/q)?
11
Let q(k) = 10*k - 8. What is the remainder when q(5) is divided by 9?
6
Let m = 0 + 4. Let a = -3 + m. Suppose -2*o - 5*l = 18, -2*o + 2*l + 2 = -8. Calculate the remainder when a is divided by o.
0
What is the remainder when ((-80)/(-30))/(4/78) is divided by 27?
25
Let u be (-1 + 2/4)*-8. Suppose u*t - 23 - 15 = 2*z, 2*t - 14 = 2*z. Calculate the remainder when 33 is divided by t.
9
Let x(r) = 4*r + 13. Let t(z) = -7*z - 25. Let i(b) = -3*t(b) - 5*x(b). Calculate the remainder when 10 is divided by i(-6).
2
Suppose -5*l - 64 = -3*o, -2*o + 31 = -0*o - l. Calculate the remainder when o is divided by 7.
6
Suppose 2*y - 11 + 1 = 0. Let h(u) be the second derivative of u**3/6 + u**2/2 + 5*u. What is the remainder when 10 is divided by h(y)?
4
Let k(y) = -y**3 + 6*y**2 + y + 13. Calculate the remainder when 72 is divided by k(6).
15
Let g(t) = t**3 + 3. Let r be g(0). Suppose 2*m - 18 = -r*l - m, 0 = -2*l - 3*m + 11. What is the remainder when 27 is divided by l?
6
Let s(o) = o**3 + 8*o**2 + 6*o + 4. Calculate the remainder when (-2)/(2/40*-2) is divided by s(-7).
9
Let h(f) = -f**2 - 14*f. What is the remainder when h(-13) is divided by 8?
5
Suppose 2*j - 3*w - 93 = -15, 0 = -5*j + 2*w + 184. Suppose -q + 13 = -3*y, -4*y - j = 2*q - 4*q. What is the remainder when q is divided by 10?
8
Let i = 19 - 11. Calculate the remainder when i*(-1 - (2 - 4)) is divided by 3.
2
Let c(w) = -w**3 + 5*w**2 + 3*w - 1. Let u be c(3). Suppose -n - n + u = 0. Calculate the remainder when n is divided by 5.
3
Let m = 707 + -407. Suppose -m = -7*a + 2*a. Suppose 0 = -3*n - 3*d + 36, 5*n + 9*d - 6*d - a = 0. Calculate the remainder when 22 is divided by n.
10
Let w = 190 + -130. Suppose 390 = 5*m + w. Calculate the remainder when m is divided by 23.
20
Let k = 1 + 13. Let r = -10 + k. Calculate the remainder when r is divided by 2.
0
Let a = 297 - 202. Suppose 0*n + 5*o - 83 = -3*n, 3*n = o + a. What is the remainder when n is divided by 11?
9
Suppose -13*f + 65 = -8*f. What is the remainder when 47 is divided by f?
8
Let x(p) = 3*p + 36. Calculate the remainder when 34 is divided by x(-9).
7
Let t(q) = 8*q. Let x(g) = g - 3. Suppose 2*l = -5*a + 3 + 10, -5*l - a = -21. Let v be x(l). Calculate the remainder when 23 is divided by t(v).
7
Let h(v) = 7*v - 17. Let a(q) = -3*q + 8. Let u(j) = -5*a(j) - 2*h(j). What is the remainder when 11 is divided by u(13)?
4
Suppose 0 = -2*n + 20 + 4. Calculate the remainder when 33 is divided by n.
9
Let k(z) = z - 3. Let t be k(6). Suppose 0*h - t = -h. Suppose -2*i - h*m + 44 = 0, 2*m = 2*i + 8 - 42. Calculate the remainder when i is divided by 7.
5
Let o = -17 - -43. What is the remainder when o is divided by 15?
11
Let d(s) = -24*s - 2. Let u be d(-2). Suppose -5*b = i - 40, b - 2*i = -3*b + u. Calculate the remainder when 25 is divided by b.
7
Let d = -86 - -112. What is the remainder when d is divided by 15?
11
Suppose 2 = s - 13. Let h(y) = -y**2 + 